dreds digit of c?
1
Suppose 0 = -0*s - 2*s + 90. Suppose 0 = 4*t + t - s. What is the units digit of t?
9
Suppose -2*p + 5*q - 10 = 0, -6 = -3*p + p - 3*q. Suppose p = -3*m + 2*m + 10. What is the tens digit of m?
1
Suppose 0 = u - 0*q - 3*q - 19, -2*u - q + 3 = 0. What is the units digit of u?
4
Let a(x) = -5*x - 30. What is the tens digit of a(-11)?
2
Let d(w) = -w**3 + 9*w**2 - 7*w + 3. What is the tens digit of d(7)?
5
Suppose -2*u + 56 = 3*u + 2*q, 4*q - 32 = -2*u. Let m be (-4)/u - 99/15. Let b = m - -12. What is the units digit of b?
5
Let z(w) = -3*w + 11 - 5 - 9 - 3. What is the tens digit of z(-7)?
1
Suppose 0 = o - 2*h - 9, 0*o = 5*o + 3*h + 20. What is the units digit of 4*(3 - 4)/o?
4
What is the units digit of 4296/60 + (-2)/(-5)?
2
Let l be 2 - 7/((-21)/132). Suppose 5*p + 5*f - 115 = 0, -5*f + l = 4*p - 49. What is the units digit of p?
0
Suppose 5*a = 14 - 4. What is the units digit of a?
2
Suppose -41 = -a - 4*v, -4*a + v + 96 - 17 = 0. What is the tens digit of a?
2
Suppose 16 = -2*r + 6, 3*r + 179 = 2*f. What is the units digit of f?
2
Suppose -5*x + 8 = -7*x. Let o(f) = -2*f**2 - 5*f + 2. Let i be o(x). What is the units digit of 1/(-2)*i - 3?
2
Let q(n) = -9*n - 4. Let k = 9 - 13. What is the units digit of q(k)?
2
Let o = 1 - -25. Suppose o = 4*u - 2*u. What is the tens digit of u?
1
Let t be (-12)/(-8)*(-2 - 0). What is the tens digit of (-2)/4*174/t?
2
Let y = 40 + -8. Let c be 3/4*(0 + y). Suppose c = 5*r - 6. What is the units digit of r?
6
Let v(u) = -u**2 + 2*u - 4. Let f be v(3). Let h(q) = -q**3 - 6*q**2 + 6*q + 5. What is the units digit of h(f)?
2
Let r(p) = p**3 + 6*p**2 - 2*p + 5. What is the tens digit of r(-3)?
3
Suppose -3*u = 2*n - 10, 0 = 2*u - n - 0 - 2. Suppose -12 = -u*l - 0. What is the units digit of l?
6
Let n(z) = 7*z**2 + 8*z - 2. Let d(l) = -3*l**2 - 4*l + 1. Let i(v) = 9*d(v) + 4*n(v). What is the units digit of i(5)?
6
Let v = -12 - -139. What is the hundreds digit of v?
1
Let y = 4 - 4. Suppose 7 = n - j, n - 2*j - 9 + 4 = y. What is the units digit of n?
9
Let y be (3 - 3)*(-1)/2. Suppose 4*j = -4*s, y = -2*s - 10. What is the units digit of j?
5
Let k(i) = 2*i + 5. Suppose 6*y - 2*y = 20. What is the units digit of k(y)?
5
Suppose -s + 11 = 10. What is the units digit of s?
1
Let m(c) = -c**3 + 5*c**2 + 5*c + 4. Let w be m(6). What is the units digit of 1 - -20 - (w - -5)?
8
Let k(o) = 12*o. Suppose 0*f = f + 4, x = f + 5. Let t be k(x). Suppose l - t = -3*l. What is the units digit of l?
3
Suppose 914 = 4*d + 278. What is the hundreds digit of d?
1
Suppose -d - 4*p + 116 = -5*p, 2*d - 4*p - 226 = 0. What is the tens digit of d?
1
Let l(f) = f**2 - 7*f + 2. Let q(n) = -2*n - 1. Let d be q(-3). Let r be l(d). Let h(x) = -x**3 - 8*x**2 + 8. What is the units digit of h(r)?
8
What is the units digit of (817/8 - -3) + 1/(-8)?
5
Let h = 12 + 2. Let m = h + 13. What is the units digit of m?
7
Let s(j) = -10. Let v(c) = -c - 21. Let r(x) = 5*s(x) - 2*v(x). What is the units digit of r(14)?
0
Let b be 6 + 4/8*-2. Let r(a) = 2*a - 1. Let c be r(2). Suppose -b*i = -4*i - c. What is the units digit of i?
3
Suppose 6*d - 7*d + 6 = 0. What is the units digit of d?
6
Let j be 253/55 + (-4)/(-10). Let l = 26 + j. What is the units digit of l?
1
Suppose -2*b + 3 = 15. Let n = -1 - b. Suppose -42 = -n*x + 23. What is the units digit of x?
3
Suppose -4*h = -3*u + 7, u - 3*u = -2*h - 6. Suppose u*b - 18 = 22. What is the units digit of b?
8
Suppose 10 = 5*j - 3*g, 4*g = -2*j - 0*g + 30. Suppose d = 6*d - 3*s + j, 0 = 3*d + 3*s - 21. What is the units digit of d?
2
Let p(a) = 4*a**2 - 2*a - 3. What is the tens digit of p(-6)?
5
Let n = 26 + -10. What is the tens digit of n?
1
Suppose 4*x - 5*u - 26 = 0, -2 + 8 = 2*x + u. Suppose -41 = -3*y - 0*z + z, -x*y - 5*z + 61 = 0. What is the units digit of y?
4
What is the units digit of (4/8)/((-2)/(-36))?
9
Let y = -97 - -155. What is the tens digit of y?
5
Let t = 5 + -5. Suppose t = -l + 12 - 5. What is the units digit of l?
7
Let a = 142 - -9. What is the units digit of a?
1
Let o(x) = -x**3 + x**2 - 5 + x**2 - 5*x**2 + 2*x. Suppose 3*r + 2*r + 20 = 0. What is the units digit of o(r)?
3
Suppose 2*f - 196 - 284 = -5*s, f - 240 = s. What is the hundreds digit of f?
2
Suppose 4 = -3*a + 16, 3*a + 12 = 4*u. Let r = u - -1. What is the units digit of r?
7
Let h(c) = 4*c**2 - 3*c - 4. What is the units digit of h(8)?
8
Let u = 184 - 2. What is the units digit of u?
2
Suppose y - 2*y = 0. Suppose y = -b - 5*m - 41, -2*b = -0*b + 4*m + 52. Let a = -9 - b. What is the units digit of a?
7
Let x = 26 + 8. What is the units digit of x?
4
What is the units digit of 91/65 + (-4)/10?
1
Suppose -5*f = 2*q - 11, 3*q + 1 + 14 = 3*f. Let y be 52/14 - 4/(-14). Suppose -f*s = -y*s + 7. What is the units digit of s?
7
Let y be 2*((-5)/(-1) - 3). Suppose -2*n - 26 = -y*n. What is the units digit of n?
3
Let y(v) = v**2 + 4. Let z be y(0). Let q(n) = -2*n + 1. Let c be q(z). Let m = c - -10. What is the units digit of m?
3
Let g(c) = -c**2 - 10*c + 9. Let y(r) = -r**2 - r - 10. Let s be y(0). What is the units digit of g(s)?
9
Suppose 3*n - 6 = n - 4*c, 2 = -2*c. Suppose 4*g - 127 = t - 2*t, -n*g = 10. What is the units digit of t/25 + 6/10?
6
Let j(b) = b - 2. Let a be j(4). Suppose -3*g = -2*u - 31, -1 = g + a*u - 6. What is the units digit of g?
9
Suppose -2*y = 2 - 34. What is the units digit of y?
6
Let t(l) = -l**3 + 5*l**2 - 2*l - 8. Let d be t(4). Suppose d*a = -2*a + 104. What is the units digit of a?
2
Suppose 5 = -4*b + 3*c, 3*b + 0*c - 6 = -c. What is the units digit of b?
1
Suppose 0 = -5*n - 64 + 304. What is the units digit of n?
8
Suppose -5*h = 3*v - 1481, -2*h + 3*v + 1174 = 2*h. What is the hundreds digit of h?
2
Suppose 2*j + 2*b = 52, 0*b + 2*b = 4. What is the tens digit of j?
2
Let y = -5 + 1. Let d = 7 + y. What is the units digit of d?
3
Let a(q) = 20*q + 111. What is the units digit of a(16)?
1
Let z be 290/(-35) + 2/7. Let j = z + 3. Let x = 8 + j. What is the units digit of x?
3
Let v(f) be the first derivative of f**3/3 + 3*f**2/2 - 7*f - 1. What is the units digit of v(-5)?
3
Let z(h) = -h**3 - 4*h**2 + 4*h - 11. Let i be z(-5). Let f be (-78)/5 - 2/5. Let d = i - f. What is the tens digit of d?
1
Let q be 225/(-21) + (-4)/14. Let r(c) = 3*c**2 - 11*c + 1. Let m(v) = 5*v**2 - 22*v + 3. Let f(x) = 4*m(x) - 7*r(x). What is the units digit of f(q)?
5
Let r = -1 + 5. Suppose -3*d + 5*d = -6. Let c = r - d. What is the units digit of c?
7
Suppose 14 = -3*v - 7. Let f = v + 9. What is the units digit of f?
2
Suppose 0 = -12*n + 6*n + 1578. What is the hundreds digit of n?
2
Let h(i) be the third derivative of i**6/120 + 2*i**5/15 + 5*i**3/6 + 5*i**2. What is the units digit of h(-8)?
5
Suppose 5*v + 4*o = 852, 89 = -3*v + o + 607. What is the tens digit of v?
7
Let q(i) = -i**2 - 3*i - 1. Suppose -4*v = 4*t + 4, 0 = -3*t + 2*v + 3 - 6. What is the units digit of q(t)?
1
Let l(q) = -9*q + 83. What is the hundreds digit of l(-22)?
2
Suppose 0 = -s - 3*f - 6, 5*s - s - 5*f - 10 = 0. Suppose -3*n + 106 - 25 = -j, 5*n + 3*j - 121 = s. What is the units digit of n?
6
Let g be (10 + -10)/(1*-1). Suppose g = 4*s - 4*h - 40, 3*s + 4*h - 44 = s. What is the tens digit of s?
1
What is the units digit of 427/11 - (-2)/11?
9
Let f(k) = 2*k - 2. Let d be f(2). Let p = d - -7. What is the units digit of p?
9
Let z(l) be the first derivative of l**4/4 + 7*l**3/3 + l**2/2 + 2*l - 1. What is the units digit of z(-5)?
7
Let h(m) = -10*m + m**2 - m - m + 2. Let o be h(12). Suppose -o*n = n - 30. What is the tens digit of n?
1
Let q be -2*1 + 6 + -4. Suppose q*z - 3*z + 30 = 0. What is the tens digit of z?
1
What is the units digit of (-28)/42 - 137/(-3)?
5
Let f(n) = 4*n**3 - n**2 + 5*n - 4. What is the hundreds digit of f(4)?
2
Suppose 14 - 149 = -3*x. Let h = 76 + -76. Suppose h = 3*g - x. What is the units digit of g?
5
Let w = 16 - 9. Let b = 6 - w. What is the tens digit of b + (1 - -1 - -9)?
1
Suppose -3*a = -3*r + 714, 2*r + 4*a - 3*a - 482 = 0. What is the hundreds digit of r?
2
Suppose 990 = 4*g - 4*v + 2*v, 2*v - 250 = -g. What is the hundreds digit of g?
2
Let s = -1 + 4. Suppose -4*t + 3*f = -20, -s*t - f + 7 = -8. Suppose -2*w = 3*i - 23 + 2, -t*i + 3*w + 35 = 0. Wh